j - 194. Let g = j - l. What are the prime factors of g?
2, 3
Let j(w) = w**3 + w**2 + 9. Suppose -5*n + 10*n = 0. List the prime factors of j(n).
3
Let n(m) = 13*m - 7. List the prime factors of n(4).
3, 5
Suppose -o + 2 = -3*o. What are the prime factors of (19 + 4)*(-2)/o?
2, 23
Let i = 27 - 17. Let m = i + -6. What are the prime factors of m?
2
Suppose -k + 8 = -x, -5*x - 6 = 3*k + 10. Let t = 15 - x. What are the prime factors of ((-18)/(-15))/(6/t)?
2
Let f = 98 + -11. List the prime factors of f.
3, 29
Suppose -6*p + p + 25 = 0. Suppose 0 = -r - 3*z + 3, 21 = p*r - r + 3*z. Suppose r = n + n. List the prime factors of n.
3
Suppose -10 = -4*p + 10. Suppose p*w = -5*u + 2*u - 5, -4*w = 2*u + 2. Suppose -w*i + 46 - 11 = 3*f, 55 = 4*i + 3*f. List the prime factors of i.
2, 5
Suppose 70 = 4*a + 3*u, -54 = -5*a + u + 24. What are the prime factors of a?
2
Suppose -2*v - 50 = -4*v. Suppose 4*o - 139 = v. What are the prime factors of o?
41
Suppose -19 = -5*k + 16. Suppose -2*q - 4 = -6*q, 2*m - k = -5*q. Suppose x - 8 - m = 0. List the prime factors of x.
3
Suppose -r + 10 = 4*r. Suppose -5*a = -4*i + 21, r*i + 7 = 5*i + 5*a. What are the prime factors of i/2 - (-3 - 3)?
2
Let q(h) = -27*h**2 - 1. Let z be q(-1). Let i = z - -46. List the prime factors of i.
2, 3
Suppose 3*f - 870 = -5*g + 5*f, -3*g + 526 = -2*f. List the prime factors of g.
2, 43
Let q(m) = -m**2 + 14*m + 5. List the prime factors of q(7).
2, 3
List the prime factors of 189/(-6)*4/(-6).
3, 7
What are the prime factors of (214/3)/(52/78)?
107
Let j be ((0/4)/3)/1. What are the prime factors of (-125)/10*(j + -2)?
5
Suppose -5*p = -2 - 8. Let w(d) = -4*d + 5*d + p*d. What are the prime factors of w(2)?
2, 3
Let u(o) = -3*o - 7. Let r be u(-5). Let s(k) = k**2 - 7*k + 4. What are the prime factors of s(r)?
2, 3
Suppose 0*y = y - 328. Let p be (-1)/(-5) + y/10. Suppose 6*j - 3*j - p = 0. List the prime factors of j.
11
Let d = 14 + -8. Let z be d + 1 + -2 + -2. Suppose 0 = -5*a - 4*y + 28, -5*y = -z*a - 4*y + 27. List the prime factors of a.
2
Let n(w) be the first derivative of -w**5/120 + w**4/8 + 2*w**3/3 + 1. Let y(j) be the third derivative of n(j). What are the prime factors of y(0)?
3
Let y(h) be the first derivative of 11*h**5/120 - h**4/8 - h**3/3 + 4. Let a(d) be the third derivative of y(d). List the prime factors of a(2).
19
Let r(k) = -20*k - 89. List the prime factors of r(-11).
131
Let u(p) = 9 - 6 - 2*p - 15 + 0*p. What are the prime factors of u(-8)?
2
Let r(k) = 4 - 2*k**2 + 0*k - 1 - k**3 + 2*k. Let x be r(-2). List the prime factors of 0 + 0 - (x + -4).
5
Let y = -122 - -172. What are the prime factors of y?
2, 5
Suppose -2*c + 4*b = 0, -2*c - 2*b - 15 = -3*b. Let m be (15/c)/(1/(-2)). Suppose 3*a - 2*j = 11, -3*a + m*j + 6 = -0*j. List the prime factors of a.
7
Suppose 2*h - 14 = -2*o, 5*o - 35 = h + h. Suppose 4*k - q = -8, 4*q = -3*k - 0*q + 13. List the prime factors of o - ((1 - 0) + k).
7
Let u(d) = d**2 - 2*d + 1. Let z be u(2). Let h = z + 1. What are the prime factors of h?
2
Let m(n) = 54*n**2 + n + 1. List the prime factors of m(-1).
2, 3
Let p(q) = -q**3 + 12*q**2 - 2*q - 26. List the prime factors of p(8).
2, 107
Let r(z) = 2*z**2 - z + 69. What are the prime factors of r(0)?
3, 23
Let y(z) = -25 + 81 - 38 - z. What are the prime factors of y(6)?
2, 3
Suppose -2*b + 7 = -3*t + 3*b, -b = 5*t - 7. Suppose -5*h + 14 = -t. Suppose -f + 4 = 0, 0*k + h*k = 5*f + 34. List the prime factors of k.
2, 3
Suppose -2*k - 126 = -4*n, 2*n - 4*k = -39 + 99. What are the prime factors of n?
2
Let l(g) = -g - 1. Let k be l(-1). Suppose 0 = -x + 4*r + 20, -3*r - 13 = -x + 4. Suppose -j + i + 0*i = k, j + x = 5*i. List the prime factors of j.
2
Suppose 4*h = 5*z - 208, -82 = -2*z - h + 3*h. List the prime factors of z.
2, 11
Let h = 187 + -100. What are the prime factors of h?
3, 29
Let b(j) = -6*j + 10. List the prime factors of b(-11).
2, 19
Suppose 0 = -z + 3*z - 20. What are the prime factors of (-10)/(-25) - (-36)/z?
2
Let q = -4 - -4. Let u(v) = 9*v + 2 + 6 + q*v**2 + v**2 - 3*v. What are the prime factors of u(-6)?
2
Suppose 2*d = 61 + 33. What are the prime factors of d?
47
Suppose -2*j + 136 = 5*f - 426, 307 = j - 4*f. List the prime factors of j.
3, 97
Let a be 12/10*5/2. Suppose 0 = -o - a + 17. What are the prime factors of o?
2, 7
Let w(a) = a**3 - a. Let g(n) = -7*n**3 + n**2 + 4*n + 3. Let z(h) = -g(h) - 6*w(h). List the prime factors of z(3).
3, 7
Suppose 2*n = -2*f + 4, -4*f = -n + 10 + 2. Let t be 32/14 + n/(-14). What are the prime factors of (1 - -4)/(t + -1)?
5
Suppose -2*g + 2 = -4. Let f(q) = q + 6. Let c be f(6). List the prime factors of (-1)/g - (-100)/c.
2
Let i(n) = n**2 - 9*n + 3. Let y be i(9). Suppose 0 = y*s - 15 - 3. Suppose 2*q = s*q - 24. What are the prime factors of q?
2, 3
Suppose 0 = 3*v - 50 + 50. Let d(f) = f**2 - 4. Let h be d(4). Suppose v = 2*b - 3*b + h. List the prime factors of b.
2, 3
Suppose 5*x = 5*s + 3 - 23, 5*s - 4*x - 20 = 0. Suppose 30 = -f + s*f. What are the prime factors of f?
2, 5
Let k be (1/(-1))/(-1 - -2). Let n be (0 - k)/(4/8). Let m = 6 - n. What are the prime factors of m?
2
Let t(j) = 5*j - 11. What are the prime factors of t(6)?
19
Suppose -5*k + 4*k = -8. What are the prime factors of k?
2
Let l be (-3 - -2 - 33)/1. Let g be l/9 + 4/(-18). List the prime factors of 3/(-12) + (-61)/g.
3, 5
Let q = -1 + 1. Suppose 0 = s - q*s - 4. What are the prime factors of (s/(-10))/(6/(-210))?
2, 7
Let g = 94 - 45. What are the prime factors of g?
7
Let x = -22 + 39. What are the prime factors of x?
17
Let a(q) = -q**3 + q - 4. Let f be a(-3). Let b(l) = -2*l + 4. Let n be b(8). Let w = n + f. List the prime factors of w.
2
Suppose 9*y - 4*y + 20 = -t, 3*t - 2*y - 8 = 0. Suppose t = 4*j - j - 60. What are the prime factors of j?
2, 5
Suppose 4*o - 5*o + 5*b = -10, 22 = -3*o + 2*b. Let a = o - -18. List the prime factors of (a/10)/((-2)/(-25)).
2, 5
Let p(y) = -y**3 + 5*y**2 - 4*y + 6. Let b be p(4). Suppose -4*z + 2*n = 0, z - n = n - b. Let l = 12 - z. What are the prime factors of l?
2, 5
Let g(h) = -6*h + 52. What are the prime factors of g(-12)?
2, 31
Let c(q) = 2*q. Let h be c(2). Suppose -1 + 49 = h*d. What are the prime factors of d?
2, 3
Let a(i) = -i**2 - 5*i + 3. Let p be a(-5). Suppose -5 = -b + p. What are the prime factors of b?
2
What are the prime factors of 2 - (3 - 123 - 4)?
2, 3, 7
Let h(u) = -u + 7. Let m be h(5). Suppose -6 = m*s - o - 31, 4*s + o - 53 = 0. What are the prime factors of s?
13
Let k be 0 - (1 - (-1 - -2)). Suppose k = -4*g + 2*g + 4. Suppose g*y + 2*y - 16 = 0. List the prime factors of y.
2
Let n = 113 - 76. What are the prime factors of n?
37
Suppose -10*p - 125 = -5*b - 5*p, -5*b + 125 = 3*p. What are the prime factors of b?
5
Let l be (-1 + -1)*(0 - 2). Let z be l/22 - (-8)/(-44). Suppose -4*i + 8 = z, 0 = -2*y + 3*i - 5*i + 26. List the prime factors of y.
11
Let t be (-96)/(-15) - (-2)/(-5). Let q be t/(-18) - (-28)/(-6). Let m = q + 11. List the prime factors of m.
2, 3
Suppose 3*l - 8 = 5*v - 32, -15 = -4*v + l. Suppose v*q - 25 = -2*q. List the prime factors of 2/q + 32/20.
2
List the prime factors of (-612)/(-10) + 13/(-65).
61
Suppose -833 = -12*q + 31. What are the prime factors of q?
2, 3
Let t be (-92)/(-6) - (-2)/3. Let h = t + -2. What are the prime factors of h?
2, 7
Let o = 151 - -60. List the prime factors of o.
211
Let p = -8 - -57. What are the prime factors of p?
7
Let f = 1 + 2. Suppose 0 = l - 2*l + 22. Suppose -2 = -f*t + l. What are the prime factors of t?
2
Let z be (-4)/2 - -3 - -3. Suppose z = w + 3. Suppose f + 3*y + w = 3, -2*f + 4 = -5*y. List the prime factors of f.
2
Let o(t) = t**3 - 6*t**2 - 5*t - 26. List the prime factors of o(9).
2, 43
Let j(p) be the second derivative of -p**5/20 - p**4/12 - p**2/2 - p. Let k(l) = 4*l**3 + 6*l**2 - 9. Let g(b) = -5*j(b) - k(b). List the prime factors of g(0).
2, 7
Let o(i) = -i**3 + 7*i**2 - 4*i - 5. Let h(q) = -q + 1. Let y be h(-5). List the prime factors of o(y).
7
Let h = -3 - -5. Suppose 0 = -s + 8 - h. What are the prime factors of s?
2, 3
Let y(g) = g**3 - 3*g**2 - 5*g - 11. Let b be y(6). Let u = b - 37. List the prime factors of u.
2, 3, 5
Let b(h) = -10*h**3 + 3*h**2 - 2*h - 6. What are the